est common divisor of o and 99?
33
Suppose -3*s + 12 = -4*s. Let m = -67 - s. Let o = -50 - m. What is the highest common factor of 15 and o?
5
Suppose 3*n = -2*n + 35. Let s be 2 + 12 + (-5 - -7). Let r be 280/s*54/15. Calculate the highest common divisor of r and n.
7
Let w(u) = -23*u**2 + 3*u - 4. Let c be w(2). Let z = c - -94. Calculate the highest common factor of 76 and z.
4
Let p(q) = 6*q**2 - 43*q + 108. Let c be p(5). Calculate the greatest common factor of c and 731.
43
Let z(k) = -k**3 - k**2 + k + 7. Let n be z(0). Let w = -15810 - -16111. What is the greatest common divisor of n and w?
7
Let q(w) be the third derivative of 11*w**5/20 + w**4/24 + w**3 - 48*w**2. Let z be q(-2). What is the greatest common divisor of 8 and z?
8
Suppose 3*d - 6 = v, 1 = 9*d - 5*d + v. Let p be (-95)/5*-3 - (d - 0). What is the greatest common divisor of 98 and p?
14
Let o(v) = 4*v**3 + 1 + 9*v**2 + 15*v + 0*v**3 - 3*v**3 - 6*v. Let c be o(-8). Let m = c + 19. Calculate the greatest common factor of 48 and m.
12
Let t = -2697 + 4195. Calculate the highest common divisor of t and 14.
14
Let o(q) = -q**3 + 8*q**2 + 183*q - 4. Let g be o(-13). What is the highest common factor of g and 22?
22
Let n = -2 + 106. Let v = -644 + 722. What is the highest common divisor of n and v?
26
Let d(b) = 17*b + 620. Let y be d(-6). Calculate the highest common divisor of y and 42.
14
Suppose 18*n - 17*n - 15 = 0. Let c be (-39)/n*(0 - 5). What is the greatest common divisor of c and 143?
13
Suppose -1166 = -293*n + 6. What is the highest common factor of 642 and n?
2
Let h = -1348 + 1491. What is the highest common factor of h and 26?
13
Let d be ((-20)/(-15))/((-2)/(-3)). Suppose 5*m - d*c = 9, -c + 6 = c. Calculate the highest common divisor of m and 93.
3
Let m(a) = 4*a**2 - 104*a + 90. Let q be m(26). What is the greatest common factor of 28980 and q?
90
Let g(x) = -2*x**3 + 51*x**2 + 26*x + 4. Let m be g(26). Suppose -3*t = w - 156 - 20, 260 = m*t - 5*w. Calculate the highest common factor of 75 and t.
15
Let h be (-10)/(22/(-36) + (-51)/(-102)). What is the greatest common factor of h and 72?
18
Let i(y) = 10*y**2 - 144*y - 18. Let s be i(18). Let k = s + -465. What is the greatest common divisor of k and 132?
33
Let g be 651/(-14) + (-6)/4. Let o = g - -192. What is the greatest common factor of 16 and o?
16
Suppose 2*v + 2*z - 1139 = 317, 0 = 2*v + 5*z - 1456. Suppose 5*a - 122 = -30*d + 28*d, d - 54 = a. Calculate the highest common divisor of d and v.
56
Let y = -112 + 114. Suppose 0 = -3*f + 3*o + 24, 2*o = -y*f + 14 + 18. What is the highest common divisor of f and 1212?
12
Let a(l) = -l + 3. Let i be a(0). Suppose -2*p + i*b + 96 = -b, 0 = 3*b + 6. What is the highest common factor of 44 and p?
44
Let b be (-3)/24 + 13428/(-96). Let t = b - -155. Calculate the greatest common factor of t and 45.
15
Let x(t) = 3*t**3 + 332*t**2 - 460*t - 233. Let a be x(-112). Calculate the highest common divisor of 11 and a.
11
Let v = 1909 - 1693. What is the greatest common divisor of v and 168?
24
Let o = -24417 + 27498. Calculate the greatest common divisor of 234 and o.
39
Let b(h) = 50*h**2 + 148*h - 6. Let r be b(-7). Calculate the highest common factor of 11 and r.
11
Let v be (-3)/2*1800/(-108). Suppose 2*f + 2*x - 1445 = x, 4*f - 3*x = 2915. What is the greatest common divisor of f and v?
25
Suppose 52*v = 96*v - 63*v + 9025. Calculate the greatest common factor of 38 and v.
19
Suppose 0 = 133*o - 69*o - 576. Let z = -38 - -62. Calculate the greatest common factor of o and z.
3
Suppose 3*l - 2*h - 439 = 0, -17*h + 20*h = 4*l - 585. What is the highest common divisor of 980 and l?
49
Let v(c) = 92*c - 73. Let d be v(5). Calculate the greatest common factor of 90 and d.
9
Suppose 0 = -52*t + 87*t - 4480. What is the greatest common divisor of t and 208?
16
Suppose 0 = -48*y - 83*y + 7336. Calculate the highest common factor of y and 3262.
14
Let k = -542 - -791. Suppose 17*a - 295 = k. What is the greatest common factor of 24 and a?
8
Suppose 4*j - 470 = 27*j - 539. Calculate the highest common factor of j and 51.
3
Let z(v) = -v + 56. Let l be ((-2)/(-3))/(18/(-135)). Let j be z(l). What is the greatest common divisor of j and 61?
61
Let l = 10 + -7. Suppose -n - 5*n + 12 = 0. Suppose -n*a - 73 = -5*b, 62 - 19 = 3*b - 2*a. What is the highest common divisor of b and l?
3
Let c(s) = -325*s**3 - s**2. Let n be c(-1). Let y(u) = 4*u - 162. Let g be y(39). Let k be (-45)/(-2)*g*(-4)/15. What is the greatest common factor of k and n?
36
Let s(q) = -5*q - 44. Let u(i) = -2*i - 21. Let z(r) = 6*s(r) - 13*u(r). Let f be z(-1). What is the highest common divisor of f and 442?
13
Let v be 60 - 53 - (0 + 5). Suppose 3 = -3*m, -85 = -v*c + 7*m - 8*m. What is the greatest common factor of 1 and c?
1
Let g = 124 - -716. Calculate the highest common factor of 147 and g.
21
Suppose -90 = 7*y + 8*y. Let m(p) = -p**3 - 4*p**2 + 10*p + 10. Let i be m(y). Suppose o = -4*o + 110. What is the highest common factor of i and o?
22
Let t(a) = -a**2 - 11*a + 18. Let i be 3/9*(-12 - 21). Let c be t(i). What is the highest common divisor of c and 48?
6
Suppose -125*y + 322 = -122*y - 5*m, 410 = 4*y + 3*m. Let u be (1*-6)/((-15)/130). Calculate the greatest common divisor of u and y.
52
Let s(u) = 2*u**2 - u - 33. Let w be s(5). Let r be 3*4/(w/(-45)*-5). What is the greatest common divisor of r and 63?
9
Let o be (4/(-6) + 0)/((-100)/57600). Suppose 2*n + 2*j + 22 = 3*n, -n - 4*j - 8 = 0. Calculate the highest common divisor of n and o.
12
Let v be (264/22)/(0 + 4/9). Calculate the greatest common factor of 19413 and v.
27
Suppose -4*i + 180 + 876 = 0. Calculate the highest common factor of 506 and i.
22
Let l(n) = -2*n**2 + 19*n - 23. Let w be l(11). Let c = -15 - w. What is the highest common factor of 82 and c?
41
Let p(x) = x**2 - x + 35. Suppose -f - 2*f = 0. Let k be p(f). Let i = 21357 - 21322. Calculate the highest common divisor of i and k.
35
Suppose -2*t = 3*d + 4, 0 = t + 4*t + 10. Let s be ((-6)/(-9) + d)*(22 - -5). What is the highest common factor of s and 72?
18
Suppose -o + 1 = 0, n + 21*o = 16*o + 3730. Calculate the highest common factor of 25 and n.
25
Let p be (13 - 14)*(-7)/(-1). Let b be p - (-4 - -1 - -2). Let t be -1*b/((-18)/(-33)). What is the highest common divisor of t and 44?
11
Suppose -573 = -2*h + 5*u + 495, 2*u + 2628 = 5*h. Suppose 23*a - 258 = h. Calculate the greatest common factor of 255 and a.
17
Suppose -4*y + 13 + 7 = 0, 5*y + 25 = r. Let v = -11 - -17. Suppose -30 = 3*d - v*d. Calculate the highest common factor of d and r.
10
Suppose 0 = -26*f + 8*f + 216. Suppose 17*m - f*m - 520 = 0. Suppose -3*i - 2*i = -65. What is the highest common factor of i and m?
13
Suppose 7*z = -18*z + 35*z - 6720. What is the highest common factor of 576 and z?
96
Suppose -2*f - 2*o - 10 = -52, 5 = -5*o. Suppose 0 = f*z - 24*z + 40. Let y be (z/6)/(-3 - (-22)/6). Calculate the greatest common divisor of y and 5.
5
Suppose -4*h - 412 = -2*k - 7*h, 2*k - 400 = 3*h. Let a = k - 193. Calculate the greatest common divisor of a and 130.
10
Let y = -5 - -8. Suppose 5*p - 3*m + 5 = 0, -4*m = -24*p + 22*p - 16. Let a be (-5 - (p - y)) + 116. What is the greatest common divisor of 16 and a?
16
Suppose 22*v - 36 = 24*v. Let t be ((-84)/v)/((-6)/225*-1). What is the greatest common factor of t and 25?
25
Let v = 13243 - 13083. What is the highest common divisor of 1450 and v?
10
Suppose 194*u = 196*u - 4*d - 7604, 0 = -2*u + 3*d + 7601. What is the greatest common divisor of 4 and u?
4
Suppose 4*p + 12 = 0, -4*o = -2*o - 4*p - 36. Let s be (-4)/(o/(-21)) + -5. Calculate the greatest common divisor of 44 and s.
2
Suppose -2471 - 5932 - 573 = -6*m. What is the highest common divisor of m and 880?
88
Let f(q) = 3*q + 16. Let d be f(-4). Let g(h) = -6 + 2*h**2 + 4 + d*h + 3*h. Let y be g(-5). What is the highest common divisor of y and 26?
13
Let l(y) = -5*y**3 - 3*y**2 - 3*y + 24. Let h be l(0). What is the greatest common divisor of 246 and h?
6
Suppose -20*g + 17*g + 2*x + 356 = 0, -g + 128 = 4*x. Let q be 7912/60 + 16/g. What is the greatest common divisor of 352 and q?
44
Let p be (0 - 78)/(-13) + 831. Calculate the highest common factor of 248 and p.
31
Let n(h) = -14*h - 1